s the remainder when 19 is divided by 7?
5
Calculate the remainder when 2037 is divided by 30.
27
Calculate the remainder when 79 is divided by 34.
11
What is the remainder when 466 is divided by 109?
30
What is the remainder when 3449 is divided by 182?
173
What is the remainder when 1264 is divided by 127?
121
What is the remainder when 2460 is divided by 23?
22
What is the remainder when 3768 is divided by 130?
128
What is the remainder when 143 is divided by 73?
70
Calculate the remainder when 219 is divided by 22.
21
Calculate the remainder when 330 is divided by 140.
50
What is the remainder when 58 is divided by 49?
9
Calculate the remainder when 9 is divided by 2.
1
Calculate the remainder when 270 is divided by 16.
14
What is the remainder when 51 is divided by 11?
7
What is the remainder when 104 is divided by 24?
8
What is the remainder when 1860 is divided by 149?
72
What is the remainder when 966 is divided by 55?
31
What is the remainder when 985 is divided by 18?
13
Calculate the remainder when 383 is divided by 35.
33
What is the remainder when 726 is divided by 56?
54
What is the remainder when 363 is divided by 178?
7
What is the remainder when 2815 is divided by 64?
63
What is the remainder when 45 is divided by 16?
13
Calculate the remainder when 90 is divided by 48.
42
Calculate the remainder when 703 is divided by 321.
61
Calculate the remainder when 70 is divided by 19.
13
What is the remainder when 73 is divided by 24?
1
What is the remainder when 400 is divided by 67?
65
Calculate the remainder when 2030 is divided by 675.
5
Calculate the remainder when 449 is divided by 169.
111
Calculate the remainder when 194 is divided by 168.
26
Calculate the remainder when 9 is divided by 7.
2
Calculate the remainder when 159 is divided by 15.
9
Calculate the remainder when 271 is divided by 90.
1
Calculate the remainder when 549 is divided by 59.
18
What is the remainder when 362 is divided by 91?
89
Calculate the remainder when 354 is divided by 50.
4
What is the remainder when 508 is divided by 101?
3
What is the remainder when 171 is divided by 44?
39
Calculate the remainder when 319 is divided by 40.
39
What is the remainder when 391 is divided by 49?
48
What is the remainder when 201 is divided by 195?
6
What is the remainder when 1199 is divided by 594?
11
What is the remainder when 320 is divided by 20?
0
What is the remainder when 72 is divided by 61?
11
What is the remainder when 264 is divided by 248?
16
What is the remainder when 1068 is divided by 17?
14
Calculate the remainder when 194 is divided by 50.
44
What is the remainder when 2986 is divided by 18?
16
What is the remainder when 124 is divided by 9?
7
What is the remainder when 71 is divided by 10?
1
Calculate the remainder when 703 is divided by 350.
3
Calculate the remainder when 1733 is divided by 174.
167
What is the remainder when 150 is divided by 126?
24
Calculate the remainder when 257 is divided by 26.
23
Calculate the remainder when 493 is divided by 50.
43
Calculate the remainder when 490 is divided by 45.
40
What is the remainder when 1717 is divided by 366?
253
What is the remainder when 186 is divided by 9?
6
What is the remainder when 81 is divided by 24?
9
Calculate the remainder when 1370 is divided by 362.
284
Calculate the remainder when 147 is divided by 24.
3
What is the remainder when 603 is divided by 95?
33
Calculate the remainder when 209 is divided by 37.
24
What is the remainder when 16018 is divided by 6?
4
What is the remainder when 664 is divided by 162?
16
What is the remainder when 1826 is divided by 30?
26
Calculate the remainder when 19 is divided by 11.
8
Calculate the remainder when 82 is divided by 19.
6
Calculate the remainder when 498 is divided by 25.
23
What is the remainder when 381 is divided by 21?
3
What is the remainder when 374 is divided by 14?
10
What is the remainder when 1879 is divided by 3?
1
What is the remainder when 16 is divided by 2?
0
What is the remainder when 94 is divided by 19?
18
What is the remainder when 242 is divided by 5?
2
What is the remainder when 115 is divided by 68?
47
Calculate the remainder when 7443 is divided by 6.
3
Calculate the remainder when 388 is divided by 143.
102
What is the remainder when 6579 is divided by 70?
69
What is the remainder when 139 is divided by 70?
69
What is the remainder when 19140 is divided by 34?
32
What is the remainder when 223 is divided by 8?
7
What is the remainder when 299 is divided by 67?
31
What is the remainder when 137 is divided by 94?
43
What is the remainder when 536 is divided by 128?
24
What is the remainder when 317 is divided by 160?
157
Calculate the remainder when 32 is divided by 19.
13
Calculate the remainder when 386 is divided by 99.
89
What is the remainder when 226 is divided by 25?
1
Calculate the remainder when 1271 is divided by 246.
41
What is the remainder when 2251 is divided by 92?
43
Calculate the remainder when 790 is divided by 44.
42
Calculate the remainder when 436 is divided by 145.
1
What is the remainder when 64 is divided by 56?
8
What is the remainder when 40 is divided by 32?
8
Calculate the remainder when 95 is divided by 14.
11
What is the remainder when 980 is divided by 27?
8
Calculate the remainder when 1146 is divided by 378.
12
Calculate the remainder when 308 is divided by 149.
10
What is the remainder when 572 is divided by 143?
0
Calculate the remainder when 101 is divided by 94.
7
What is the remainder when 106 is divided by 21?
1
What is the remainder when 315 is divided by 132?
51
Calculate the remainder when 1306 is divided by 119.
116
What is the remainder when 80 is divided by 12?
8
Calculate the remainder when 58 is divided by 37.
21
What is the remainder when 91 is divided by 6?
1
Calculate the remainder when 135 is divided by 36.
27
Calculate the remainder when 636 is divided by 207.
15
Calculate the remainder when 15935 is divided by 77.
73
Calculate the remainder when 100 is divided by 69.
31
Calculate the remainder when 66 is divided by 13.
1
What is the remainder when 277 is divided by 6?
1
What is the remainder when 1531 is divided by 26?
23
What is the remainder when 174 is divided by 36?
30
What is the remainder when 198 is divided by 122?
76
Calculate the remainder when 835 is divided by 265.
40
Calculate the remainder when 2401 is divided by 27.
25
Calculate the remainder when 659 is divided by 19.
13
Calculate the remainder when 549 is divided by 110.
109
What is the remainder when 2482 is divided by 822?
16
What is the remainder when 74 is divided by 23?
5
What is the remainder when 22382 is divided by 121?
118
What is the remainder when 1838 is divided by 84?
74
What is the remainder when 134 is divided by 14?
8
What is the remainder when 1135 is divided by 374?
13
What is the remainder when 187 is divided by 20?
7
What is the remainder when 444 is divided by 32?
28
Calculate the remainder when 206 is divided by 173.
33
What is the remainder when 1130 is divided by 138?
26
Calculate the remainder when 203 is divided by 30.
23
What is the remainder when 423 is divided by 61?
57
Calculate the remainder when 3328 is divided by 14.
10
Calculate the remainder when 1120 is divided by 161.
154
What is the remainder when 117 is divided by 20?
17
What is the remainder when 2150 is divided by 308?
302
What is the remainder when 497 is divided by 50?
47
What is the remainder when 49 is divided by 13?
10
What is the remainder when 246 is divided by 19?
18
What is the remainder when 5380 is divided by 39?
37
Calculate the remainder when 279 is divided by 157.
122
Calculate the remainder when 1247 is divided by 6.
5
Calculate the remainder when 1669 is divided by 791.
87
What is the remainder when 986 is divided by 140?
6
What is the remainder when 131 is divided by 24?
11
Calculate the remainder when 111 is divided by 105.
6
Calculate the remainder when 1003 is divided by 325.
28
Calculate the remainder when 69 is divided by 26.
17
What is the remainder when 2346 is divided by 235?
231
What is the remainder when 2283 is divided by 18?
15
Calculate the remainder when 138 is divided by 61.
16
What is the remainder when 1545 is divided by 245?
75
Calculate the remainder when 4634 is divided 